eatest common factor of c and 33.
11
Let t = -525 - -528. Calculate the highest common factor of t and 3.
3
Suppose 2*b - 48 = -8. Let l = -34 + 194. Calculate the highest common factor of l and b.
20
Suppose -4*y = -5*g - 29 + 5, 2*g - 24 = -4*y. Let z be (-2)/(-3)*y - (-224)/7. Let q = 30 - 21. What is the greatest common divisor of z and q?
9
Suppose 8*p - 27 = 21. Calculate the highest common divisor of p and 78.
6
Suppose 665 = 6*i + i. Suppose 5*w - q - i = q, -5*q = 5*w - 60. What is the highest common divisor of w and 187?
17
Let n(q) = -q**3 + 8*q**2 - 6*q + 17. Let f = -6 + 13. Let y be n(f). Calculate the greatest common divisor of y and 16.
8
Let t = -50 + 118. Let c = t + -47. What is the highest common factor of c and 105?
21
Suppose -3*n + 3*q + 312 = 0, -2*n - q + 139 = -54. Calculate the highest common divisor of n and 55.
11
Let w be 1350/15 + 6/(-2). Let l = w + -3. Calculate the highest common divisor of 56 and l.
28
Let v = 350 - 104. Suppose -v = -11*c + 5*c. Calculate the highest common factor of 82 and c.
41
Suppose 2*n - 61*m - 108 = -65*m, 3*n = 4*m + 162. What is the highest common divisor of n and 8?
2
Suppose 4*o + 3 = -3*z - 20, -5*z - 4*o - 25 = 0. Let l = -1 - z. Let q be 18 - (1 - l) - 3. What is the highest common divisor of 7 and q?
7
Suppose 5*i = -2 + 17. Let w be 13/i + 7/(-21). Suppose 4*z = -6*p + 2*p + 132, 5*z = w*p - 123. What is the highest common divisor of 8 and p?
8
Suppose -r + 0*r + 6 = 0. Suppose -7*m = -r*m - 2. Calculate the highest common factor of m and 2.
2
Let z be 8068/14 - 6*(-13)/(-273). Calculate the greatest common factor of z and 72.
72
Let o = 78 + -238. Let v = 284 + o. What is the highest common factor of 31 and v?
31
Let m(b) = 13*b + 2. Suppose -3*w + 1 = -2*w. Let k be m(w). Calculate the greatest common factor of 15 and k.
15
Suppose 0*g + 5*g - 920 = 0. Suppose 3*l = -30 + 99. What is the greatest common divisor of l and g?
23
Let s(r) = 5*r**2 + 4*r + 4. Let o(v) = -3*v - 20. Let c be o(-6). Let i be s(c). Calculate the highest common factor of 24 and i.
8
Let v(h) = -h - 4. Let w be v(-7). Suppose -d - 5 + 52 = r, w*d + 99 = 2*r. Let o be 4*(-6)/(-32)*r. What is the greatest common divisor of 9 and o?
9
Let g = 287 + -230. Calculate the greatest common factor of g and 3.
3
Let g be 61 + 1/((7 - 3)/20). What is the greatest common divisor of 231 and g?
33
Let a(f) = -f**3 - 14*f**2 - 3*f - 28. Let p be a(-14). Let n be (-13 + 14)*(p + -1). What is the greatest common divisor of 312 and n?
13
Suppose 0 = -4*x - 40 + 8. Let c = 41 + x. What is the greatest common divisor of 33 and c?
33
Let p(t) = t**2 - 5*t - 1. Let a be p(-5). Let y = a + -38. Calculate the highest common factor of 11 and y.
11
Let p be (1020/119)/(1/7). Calculate the greatest common divisor of p and 24.
12
Let w be 54*(-9)/12*(-100)/15. What is the highest common factor of w and 15?
15
Let v be (-419)/(-7) - (2/28)/(26/(-52)). Let p be (-118)/(-8) - 2/(-8). Calculate the greatest common divisor of v and p.
15
Let q(n) = -3*n**2 + 34*n + 6. Let f be q(9). Let h(k) = 15*k**2 - k. Let l be h(-2). Suppose 0 = 3*i - 7 - l. What is the highest common divisor of f and i?
23
Let v(a) = a**3 - 9*a**2 + 8*a + 14. Let f be v(8). What is the highest common factor of 7 and f?
7
Let h be (8 - (-40)/(-8)) + 11. What is the highest common factor of 924 and h?
14
Suppose 5*a - 1104 = -354. Calculate the highest common factor of 5 and a.
5
Let s = -18 + 18. Suppose -n - 1 + 4 = 3*j, 5*n + 3*j - 15 = s. Let p be 12*(-1)/(n/(-22)). Calculate the greatest common factor of 8 and p.
8
Suppose 2*b + 9 = -1, -3*f - 5*b = -65. Suppose q - 7*q = -450. What is the highest common divisor of f and q?
15
Suppose 10 = -g + 15. Calculate the highest common factor of 80 and g.
5
Let s = 26 - 11. What is the highest common divisor of 795 and s?
15
Let w(n) = n**3 - 13*n**2 + 5*n. Let t be w(12). Let z = 120 + t. Let i(u) = -3*u - 2. Let o be i(-2). What is the greatest common factor of z and o?
4
Suppose 2*x = -6*p + 5092, 0*p + 2538 = 3*p + 3*x. What is the highest common factor of 17 and p?
17
Suppose -7 = 2*a - 7. Let x(v) = -3*v + 47. Let w be x(a). What is the highest common factor of w and 376?
47
Let n(v) = v**3 - v**2 + 4*v - 6. Let m be -6*((-3)/(-6) + -1). Let i be n(m). Calculate the greatest common factor of i and 4.
4
Suppose -3*z + 127 = 2*w + 3*w, -48 = -2*w - 4*z. Let x = -28 + w. Let t = x + 9. Calculate the greatest common factor of 1 and t.
1
Let y be 3/(9/(-60)*(-2)/3). What is the greatest common divisor of 290 and y?
10
Let x be (4/(-4))/((-4)/1084) - -8. What is the greatest common divisor of 744 and x?
93
Let d(z) = -z + 4. Let y be d(4). Let n(p) = 1 + 1 + y - 3*p - 6. Let f be n(-3). What is the highest common factor of f and 5?
5
Let p(l) = -2*l**2 - 8*l + 10. Let w be p(-5). Suppose -5*u - 30 - 27 = -3*f, -5*f + 5*u + 95 = w. Calculate the greatest common factor of f and 57.
19
Suppose 3*q + f - 16 = 0, -f - f = -2. Suppose -q*r = -8*r + 12. Let s be (-489)/(-6) + (-2)/r. Calculate the highest common factor of 9 and s.
9
Let u(f) = 7*f**2 + f. Suppose -4 = 6*v - 2*v. Let s be u(v). Suppose s = 5*a - w, -2*w - 2*w + 22 = 3*a. What is the greatest common factor of 10 and a?
2
Suppose -3*m + 5*d = 50, -d - 10 = 4*d. Let c be (-4)/(4 + 85/m). What is the highest common divisor of 144 and c?
16
Let k(a) = -177*a**3 - 3*a**2 - 10*a - 8. Let y be k(-1). What is the greatest common divisor of y and 77?
11
Let a(g) = -g**2 - 7*g + 5. Let s(u) = 2*u - 7. Let r be s(1). Let i be a(r). What is the highest common divisor of 240 and i?
15
Suppose -4*g + 4 = -0*g. Suppose 12*r + 54 = 18*r. Calculate the highest common divisor of r and g.
1
Suppose -4*q = 3 - 15. Let r = -59 - -83. What is the greatest common factor of r and q?
3
Suppose 0 = 2*r - 2 - 2. Let u(h) = -1 + 0 + r*h - 4*h + h. Let f be u(-8). Calculate the greatest common factor of 77 and f.
7
Let f be ((-220)/(-99))/10 - (-878)/18. What is the highest common factor of 343 and f?
49
Suppose 12*u = 1549 - 205. Let g = -22 + u. Calculate the greatest common factor of g and 36.
18
Let b(u) = -297*u - 24. Let f be b(-4). What is the greatest common factor of 12 and f?
12
Let k = -160 + 171. What is the highest common factor of 2 and k?
1
Suppose 3*s = 4*t + 54 + 72, s = t + 43. Let z = 101 - s. Let m = z - 37. Calculate the greatest common factor of m and 18.
18
Suppose 18*o = -14*o + 864. Calculate the greatest common divisor of o and 207.
9
Let p(l) = 2*l**2 + 6*l + 2. Let o be p(-4). Let n = 3 - -11. Suppose 0 = t + 2*w - o, 2*w = t + 4 - n. Calculate the highest common divisor of 15 and t.
5
Let b = 28 - 32. Let t be -3 - (0 + b - 15). Calculate the greatest common divisor of t and 64.
16
Suppose 59*i = 62*i - 99. What is the greatest common factor of 132 and i?
33
Let l be 6/9*(-2 + 5). Suppose 15 = -y + 4*y. Suppose 4*b - 18 = -l*u, 3*b + 5 = -y*u + 22. What is the highest common divisor of u and 2?
1
Suppose 0 = -t - 4*a - 16, 0 = -2*t + 5*a - 14 + 47. Suppose 6*l - t = 2*l. What is the highest common factor of l and 1?
1
Suppose 35*y + 208 = 43*y. Calculate the highest common divisor of 1196 and y.
26
Let f be ((-3744)/(-192))/(1/(88/6)). What is the greatest common divisor of f and 130?
26
Suppose 3*x + 4*i = 328, 4*x - 5*i + 151 - 578 = 0. Suppose 0*j = -6*j + x. Calculate the highest common divisor of j and 9.
9
Suppose -11*u = -6*u + 3*t - 780, -t = u - 158. Calculate the greatest common divisor of 17 and u.
17
Suppose 3*x - 140 = w, -3*w - 2*w = -5*x + 750. Let o = w + 227. Suppose 0*d - 8*d = -o. Calculate the highest common divisor of 27 and d.
9
Let n = -390 - -416. Let q(m) = 8*m - 9. Let p be q(6). What is the highest common factor of n and p?
13
Let b = -102 + 473. Suppose -5*o = -b - 434. Let s = -54 + 77. Calculate the highest common divisor of s and o.
23
Let d(g) = -g + 13. Let x be d(9). Suppose 26 = 5*r + 2*k, -5*r + x*k + 26 = -12. Calculate the greatest common divisor of r and 54.
6
Let w = -98 + 72. Let d = 28 + w. What is the greatest common factor of 16 and d?
2
Let r(u) be the second derivative of -2*u**3 + u**2 - 5*u. Let g be r(-1). Calculate the highest common factor of 2 and g.
2
Suppose 64 = 4*g + 12. Suppose 4*z = 27 + 1. Let w(c